Let w be p(-7). Give z(w).
-7
Let c(y) = y**2 - y - 4. Let t = 5 + -8. What is c(t)?
8
Suppose -2*t = -3*o - 7, -2*t + o = t. Let p(q) = -1 + q + 1 + 78*q**2 - 73*q**2. Give p(t).
4
Suppose -2*g - 2*g = -16. Let d(b) = -b**2 - g*b - 2*b - 2 + b. Give d(-4).
2
Let c(o) = 3 + 0 - 237*o + o**2 + 238*o. Let n = -4 - -1. Calculate c(n).
9
Let l(v) = v - 4 - 3 - 6*v**2 + 6. Suppose 4 + 14 = -3*s. Let r = s + 7. What is l(r)?
-6
Let i(g) = g**2 - 4*g - 3. Let j be i(5). Suppose -j*t = 4*a - 12, 4*a + a - 12 = -t. Let d be 2/(1/((-5)/a)). Let s(m) = -m**3 - 5*m**2 + m - 1. What is s(d)?
-6
Let o = -10 - -5. Suppose 4*d + 2*j = 12, j = 3*d - 2*d. Let r(g) = -1 + 3*g + 2 - 3 + g**d. Calculate r(o).
8
Let g(c) = 3 + 0*c**2 - 3*c - 5 - 8*c - 3*c**2. Let d(k) = -2*k**2 - 6*k - 1. Let o(j) = 5*d(j) - 3*g(j). Give o(3).
1
Let w = -2/9 + 11/36. Let s(f) be the second derivative of 1/2*f**3 + 0 - 2*f - 3*f**2 - w*f**4. Calculate s(4).
-10
Let a = -7 + 14. Let d(p) = -4*p + a - 18 + 5*p. Let c = -4 - -9. Calculate d(c).
-6
Let y = 1 - 0. Suppose -r + y = -0*r. Let f(j) = r - j - j**2 - 2*j - 5. Determine f(-4).
-8
Let n(y) = y - 2. Let f = -10 + 14. Give n(f).
2
Let f be 1 + 0 + (-1 - -3). Let i(a) = a + a**f + 4 - 1 - 4*a. Let x be (-8)/4 + 1 - -3. What is i(x)?
5
Let n(l) = 6*l. Let d(v) = v - 1. Let q(i) = -i + 1. Let p(x) = 2*d(x) + 3*q(x). Let k(j) = n(j) + 5*p(j). Let y be ((-63)/14)/((-6)/(-8)). Determine k(y).
-1
Let l = 1 - 2. Let g(q) be the third derivative of q**7/1260 + q**5/60 + 3*q**2. Let d(z) be the third derivative of g(z). Give d(l).
-4
Let d = -2 + 4. Let f(z) = -d - 6*z**2 + 1 + 2*z**2. Determine f(-1).
-5
Let o(j) be the first derivative of 0*j - 1/2*j**2 - 3. Calculate o(1).
-1
Let z = -12 + 14. Let n(x) = -2*x**3 + 3*x**2 + x - 2. Calculate n(z).
-4
Let z be (-8)/(-6) + 5/(-15). Let a(u) = -16*u + 1. Calculate a(z).
-15
Let i(k) be the second derivative of 0 + 0*k**2 + 2*k + 1/12*k**4 - 1/6*k**3. Let m be i(-1). Let t(d) = d**3 - 2*d**2 + 4*d - 2. Give t(m).
6
Suppose -3*p = 4*a - 13, p + 0*a = a + 9. Let s(u) = u**2 - 8*u + 5. What is s(p)?
-2
Let d(c) = 10*c - 1. Let y(j) = -j**3 + j**2 - 2*j + 1. Suppose 0 = 2*o - 2. Let p be y(o). Give d(p).
-11
Let m(p) = p**3 + 2*p**2 + p - 2. Let k be ((-7)/(-21))/((-1)/(-15)). Let a be (k - 1)/(-1*2). What is m(a)?
-4
Let m(g) = 2*g**2 + 4*g + 3. Let i(h) = -h**3 + 2*h**2 + 2*h - 2. Let x be i(0). Calculate m(x).
3
Let u(v) be the second derivative of v**5/20 - 7*v**4/12 + 5*v**3/6 - 5*v**2/2 + 8*v. Calculate u(6).
-11
Let g(t) be the second derivative of t**3/6 - 3*t**2/2 + 31*t. What is g(5)?
2
Suppose 4*y + 3*l - 24 = 2*y, 4*l = 4*y - 8. Let x(j) = 7*j + 6 - y. Suppose -2*r = 10 - 8. What is x(r)?
-7
Let m(o) = 2*o. Let q be m(-2). Let t(k) = 3*k + 5. Calculate t(q).
-7
Let k(d) be the second derivative of d**3/2 + d**2 - 2*d + 18. Let o = 4 + -1. Give k(o).
11
Let b(y) = y + 1. Let i(q) = -q**2 - 7*q + 11. Let s be i(-8). What is b(s)?
4
Let t(f) = -f - 3*f - 7*f - 2*f. What is t(-1)?
13
Let z(o) = 5*o**2 + 1. Let k(q) = -q**2 - q + 1. Let w(c) = -2*k(c) + z(c). Give w(1).
8
Let y(k) be the first derivative of -k**5/40 + k**3 + 1. Let o(z) be the third derivative of y(z). Determine o(1).
-3
Let f(c) = c**3 + c**2 - c. Let h(l) = 5*l**3 + 7*l**2 - 6*l + 5. Let u(g) = -4*f(g) + h(g). Let i(v) = -3*v + 2. Let x be i(2). What is u(x)?
-3
Let s(n) = -n**3 + 4*n**2 - 2*n - 1. Suppose t = 2*t + 4. Let i be t/5*10/(-4). Suppose -4*w + 6 = o, i*w + 0*w = -o + 2. Give s(w).
3
Let v(q) = q**2 - 8*q + 5. Let p = 25 + 3. Suppose -2*m - p = -4*y, -2*y + 5*m + 40 = 3*y. Determine v(y).
-7
Suppose -3*y + 1 = -5. Suppose -1 - 7 = -y*r. Let b(k) = k**3 - 4*k**2 - 3*k + 2. Give b(r).
-10
Let y(g) = -4*g**3 + 25*g**2 - 4*g + 8. Let i(w) = w**3 - 6*w**2 + w - 2. Let z(v) = -9*i(v) - 2*y(v). Determine z(4).
-2
Let w(f) be the first derivative of -f**3/3 - 3*f**2 + 21. Determine w(-5).
5
Let f(t) = -t**2 + t - 1. Let p(a) = -a**3 + 6*a**2 + 4*a. Let s(b) = 2*f(b) + p(b). What is s(5)?
3
Let y(q) = -q**2 + q + 3. Let t = -6 - -9. Give y(t).
-3
Let c be 3*5*12/30 - -4. Let y(h) = -h + 7. Determine y(c).
-3
Suppose 0 = 2*z - 4*x + 12, -14 = -4*z + 5*x - 35. Let v = 7 - 5. Let a(l) = -3*l - l - v*l - l**2 + 4*l. Determine a(z).
-8
Let b(u) be the first derivative of -u**2/2 + u - 2. Calculate b(-4).
5
Let m(p) = -p**2 - 6. Let c be (-1 - (-4 + 1))/(-2). Let s(x) = x. Let k(b) = c*m(b) - 6*s(b). Determine k(6).
6
Let q(b) = -b**2 + 3*b + 2. Suppose -4*v + 8 = 0, 0 = -5*d + 4*v - v - 21. Let w be d*(5/3 + -1). Determine q(w).
-8
Let c(s) = s**2 + s + 5. Suppose 3*p = -p. Let j be c(p). Let o(f) = f + 2 - 2*f + 3. Calculate o(j).
0
Let m(h) = -h**2 + 4*h + 2. Let j be m(4). Suppose j = -5*l - 3. Let b(i) be the first derivative of 5*i**4/4 + i - 21. What is b(l)?
-4
Let m(w) be the first derivative of -w**4/4 - 2*w**3/3 + w**2 - 2*w + 3. Suppose -5*i - 15 = -q, i + 3*q - 15 = 6*i. Determine m(i).
1
Let a(s) be the third derivative of -s**5/60 + s**3/6 + s**2. Let k(j) = j. Suppose -3*o - 5 = 1. Let b be k(o). Determine a(b).
-3
Let k(h) = 4*h. Let v = -29 + 25. Determine k(v).
-16
Let k(p) = 2*p**3 - 2*p + p**3 + 6*p**2 + 2 - 4*p**3. Determine k(5).
17
Let y(z) = 8*z - 12. Let h(j) be the third derivative of -j**4/8 + 2*j**3/3 - 5*j**2. Let o(t) = -7*h(t) - 2*y(t). Give o(4).
16
Let w(z) = -5 - z - 6*z**2 - z**3 + 5*z**2 + 2*z**2. Let h be w(0). Let i(f) = -f**3 - 5*f**2 + f + 6. What is i(h)?
1
Let g(m) = 2*m**3 - 4*m**2 + m + 2. Let n(q) = q - 2. Let d be n(4). Suppose 4*u - 13 = -5*r, -5*r - 1 = -d*u - u. Give g(u).
4
Let q(i) = i**2 + 20 - 11 - 13 - 5*i. Give q(4).
-8
Let s(p) = p + 2. Let x = -26 - -26. Determine s(x).
2
Let v(u) = -u**2 + 4*u + 2. Suppose 2*h + 4 = 0, -5*i - 2*h - 13 = 16. Let o = 8 + i. Let n = 2 + o. What is v(n)?
-3
Suppose -n + 4*b - 1 = 0, -2*n - 5*b = -3*n - 2. Let v(f) be the second derivative of f**3/6 + f**2/2 + 2*f. Calculate v(n).
4
Let h(v) = 4*v**2 + 4*v - 1. Let z(j) = -j**2 + 7*j - 5. Let a be z(7). Let f(b) = -2*b**2 + b**2 + 0*b - b. Let i(p) = a*f(p) - h(p). What is i(-3)?
7
Let y(c) = -c**2 + c - 1. Let b(a) = a**3 + 11*a**2 + 4*a + 11. Let t(d) = b(d) + 4*y(d). Let s be t(-6). Let n(l) = l**2 + 5*l + 1. Calculate n(s).
1
Let n(j) = -4 - 3*j - 1 + 3. Let g(b) = b**3 + 8*b**2 + 6*b - 4. Let z be g(-7). Suppose t + 2*t = -z*k - 21, 4*t = -k - 19. Determine n(k).
7
Let s(z) be the second derivative of -z**3/6 - z**2/2 + 5*z. What is s(-1)?
0
Let r(n) = n**3 + 2*n**2 - 5*n - 4. Let p be r(-3). Let w(b) = 0*b - b**p - 4 - b + 2*b**3 + 3 + 3*b**2. Give w(-2).
-7
Let q(s) = -5*s**2 + s**3 + 0*s - 3 + 5*s - s - 1. What is q(4)?
-4
Let y = 21 + -27. Let k(q) = -q**2 - 8*q - 6. Give k(y).
6
Let n(q) be the third derivative of q**4/24 + 9*q**2. What is n(-5)?
-5
Let n(k) = -2*k. Suppose 3*f + 24 = 5*p, 4*f + 2*p + 2 = -4. Give n(f).
6
Let v(y) be the first derivative of -y**4/4 + 7*y**3/3 - 9*y + 16. What is v(7)?
-9
Let s(z) be the first derivative of -7*z**3/3 + z**2/2 - z - 87. Let q be 76/6 - 2/(-6). Suppose 3*g = -4*j - q, 2*j + 14 = 6. What is s(g)?
-7
Let z(w) = -4*w**2 - 3*w. Let d(g) = -2*g**2 - 3*g**2 - 6*g + g**2 - 3*g**2. Let a(n) = -3*d(n) + 5*z(n). Calculate a(-4).
4
Let a(z) = -2 + 1 - 6 + 3*z + 6. Give a(1).
2
Let n(p) = -p**3 - 6*p**2 + 2. Let g be 3 - (2 - (0 - -2)). Let o be (-17)/g - (-1)/(-3). Calculate n(o).
2
Let u(t) = 6*t - 2. Let o(d) = d**3 + 3*d**2 + 2*d + 4. Let h be o(-3). Give u(h).
-14
Let p(n) = -16*n + 12*n - 1 - 3. Let k(g) = -2*g + 7. Let s be k(5). Determine p(s).
8
Let j(o) = o + 6*o - 2 - 4*o + 3*o. Give j(2).
10
Let g(b) = 4*b**2 + 19*b - 3*b**2 - 21*b + 3. Determine g(3).
6
Let k(d) = -d**2 - d + 6. Let v be -1 + (-3 - (2 - 8)). Suppose 5*i - 25 = -2*p, 0*p + p - v*i = -10. Suppose p = 3*f - f. What is k(f)?
6
Let v be 4/(-3)*1*-3. Let u(s) = 20*s - 6. Let c(i) = 9*i - 3. Let m(p) = 7*c(p) - 3*u(p). Give m(v).
9
Suppose 7*y - 6 = 4*y. Let u(o) be the second derivative of 0 + 1/3*o**3 - 1/12*o**4 - o - 1/2*o**y. Determine u(3).
-4
Let a be ((-3)/6)/(3*(-2)/(-108)). Let y(g) = g**2 + 9*g + 7. What is y(a)?
7
Let g(t) = 2*t. Let p = 8 - 11. Let u be g(p). Let z be 5/((-15)/u)*-1. Let w(i) = -i**2 - 6*i - 3. Calculate w(z).
5
Let z(g) = 31 - g**2 - 5